{"id":1015,"date":"2023-05-19T06:31:38","date_gmt":"2023-05-19T06:31:38","guid":{"rendered":"https:\/\/demosites.royal-elementor-addons.com\/home-care-v1\/?page_id=11"},"modified":"2026-03-29T21:25:39","modified_gmt":"2026-03-29T21:25:39","slug":"contakt","status":"publish","type":"page","link":"https:\/\/depa-dienstleistung.de\/?page_id=1015","title":{"rendered":"Kontakt"},"content":{"rendered":"\t\t<div data-elementor-type=\"wp-page\" data-elementor-id=\"1015\" class=\"elementor elementor-1015\" data-elementor-post-type=\"page\">\n\t\t\t\t\t\t<section class=\"elementor-section elementor-top-section elementor-element elementor-element-4823d34 elementor-section-boxed elementor-section-height-default elementor-section-height-default\" data-id=\"4823d34\" data-element_type=\"section\" data-e-type=\"section\">\n\t\t\t\t\t\t<div class=\"elementor-container elementor-column-gap-default\">\n\t\t\t\t\t<div class=\"elementor-column elementor-col-50 elementor-top-column elementor-element elementor-element-856da4d\" data-id=\"856da4d\" data-element_type=\"column\" data-e-type=\"column\">\n\t\t\t<div class=\"elementor-widget-wrap elementor-element-populated\">\n\t\t\t\t\t\t<div class=\"elementor-element elementor-element-c6a88ec elementor-widget elementor-widget-heading\" data-id=\"c6a88ec\" data-element_type=\"widget\" data-e-type=\"widget\" data-widget_type=\"heading.default\">\n\t\t\t\t\t<h2 class=\"elementor-heading-title elementor-size-default\">Sie suchen eine zuverl\u00e4ssige Reinigungsfirma in Kiel und Umgebung?<\/h2>\t\t\t\t<\/div>\n\t\t\t\t<div class=\"elementor-element elementor-element-b07dc50 elementor-widget elementor-widget-heading\" data-id=\"b07dc50\" data-element_type=\"widget\" data-e-type=\"widget\" data-widget_type=\"heading.default\">\n\t\t\t\t\t<h2 class=\"elementor-heading-title elementor-size-default\">Z\u00f6gern Sie nicht uns zu kontaktieren!\nWir unterbreiten Ihnen in der Regel innerhalb von 24 Stunden ein Angebot f\u00fcr die von Ihnen gew\u00fcnschte Dienstleistung.<\/h2>\t\t\t\t<\/div>\n\t\t\t\t<div class=\"elementor-element elementor-element-087244c elementor-position-inline-start elementor-view-default elementor-mobile-position-block-start elementor-widget elementor-widget-icon-box\" data-id=\"087244c\" data-element_type=\"widget\" data-e-type=\"widget\" data-widget_type=\"icon-box.default\">\n\t\t\t\t\t\t\t<div class=\"elementor-icon-box-wrapper\">\n\n\t\t\t\t\t\t<div class=\"elementor-icon-box-icon\">\n\t\t\t\t<span  class=\"elementor-icon\">\n\t\t\t\t<svg aria-hidden=\"true\" class=\"e-font-icon-svg e-fas-map-marker-alt\" viewBox=\"0 0 384 512\" xmlns=\"http:\/\/www.w3.org\/2000\/svg\"><path d=\"M172.268 501.67C26.97 291.031 0 269.413 0 192 0 85.961 85.961 0 192 0s192 85.961 192 192c0 77.413-26.97 99.031-172.268 309.67-9.535 13.774-29.93 13.773-39.464 0zM192 272c44.183 0 80-35.817 80-80s-35.817-80-80-80-80 35.817-80 80 35.817 80 80 80z\"><\/path><\/svg>\t\t\t\t<\/span>\n\t\t\t<\/div>\n\t\t\t\n\t\t\t\t\t\t<div class=\"elementor-icon-box-content\">\n\n\t\t\t\t\n\t\t\t\t\t\t\t\t\t<p class=\"elementor-icon-box-description\">\n\t\t\t\t\t\t0176 30121151<br>\nWilhelmshavener Str. 17 \u2022 \n24105 Kiel\t\t\t\t\t<\/p>\n\t\t\t\t\n\t\t\t<\/div>\n\t\t\t\n\t\t<\/div>\n\t\t\t\t\t\t<\/div>\n\t\t\t\t\t<\/div>\n\t\t<\/div>\n\t\t\t\t<div class=\"elementor-column elementor-col-50 elementor-top-column elementor-element elementor-element-af317bd\" data-id=\"af317bd\" data-element_type=\"column\" data-e-type=\"column\" data-settings=\"{&quot;background_background&quot;:&quot;classic&quot;}\">\n\t\t\t<div class=\"elementor-widget-wrap elementor-element-populated\">\n\t\t\t\t\t\t<div class=\"elementor-element elementor-element-70f45fb elementor-button-align-stretch elementor-widget elementor-widget-form\" data-id=\"70f45fb\" data-element_type=\"widget\" data-e-type=\"widget\" data-settings=\"{&quot;step_next_label&quot;:&quot;N\\u00e4chster&quot;,&quot;step_previous_label&quot;:&quot;Voriger&quot;,&quot;button_width&quot;:&quot;100&quot;,&quot;step_type&quot;:&quot;number_text&quot;,&quot;step_icon_shape&quot;:&quot;circle&quot;}\" data-widget_type=\"form.default\">\n\t\t\t\t\t\t\t<form class=\"elementor-form\" method=\"post\" id=\"Formularfeld\" name=\"Neues Formular\" aria-label=\"Neues Formular\">\n\t\t\t<input type=\"hidden\" name=\"post_id\" value=\"1015\"\/>\n\t\t\t<input type=\"hidden\" name=\"form_id\" value=\"70f45fb\"\/>\n\t\t\t<input type=\"hidden\" name=\"referer_title\" value=\"depa-dienstleistung\" \/>\n\n\t\t\t\n\t\t\t<div class=\"elementor-form-fields-wrapper elementor-labels-above\">\n\t\t\t\t\t\t\t\t<div class=\"elementor-field-type-text elementor-field-group elementor-column elementor-field-group-name elementor-col-100\">\n\t\t\t\t\t\t\t\t\t\t\t\t<label for=\"form-field-name\" class=\"elementor-field-label\">\n\t\t\t\t\t\t\t\tName\t\t\t\t\t\t\t<\/label>\n\t\t\t\t\t\t\t\t\t\t\t\t\t\t<input size=\"1\" type=\"text\" name=\"form_fields[name]\" id=\"form-field-name\" class=\"elementor-field elementor-size-sm  elementor-field-textual\">\n\t\t\t\t\t\t\t\t\t\t\t<\/div>\n\t\t\t\t\t\t\t\t<div class=\"elementor-field-type-email elementor-field-group elementor-column elementor-field-group-field_4627aaa elementor-col-100 elementor-field-required\">\n\t\t\t\t\t\t\t\t\t\t\t\t<label for=\"form-field-field_4627aaa\" class=\"elementor-field-label\">\n\t\t\t\t\t\t\t\tE-Mail\t\t\t\t\t\t\t<\/label>\n\t\t\t\t\t\t\t\t\t\t\t\t\t\t<input size=\"1\" type=\"email\" name=\"form_fields[field_4627aaa]\" id=\"form-field-field_4627aaa\" class=\"elementor-field elementor-size-sm  elementor-field-textual\" required=\"required\">\n\t\t\t\t\t\t\t\t\t\t\t<\/div>\n\t\t\t\t\t\t\t\t<div class=\"elementor-field-type-select elementor-field-group elementor-column elementor-field-group-mein elementor-col-100\">\n\t\t\t\t\t\t\t\t\t\t\t\t<label for=\"form-field-mein\" class=\"elementor-field-label\">\n\t\t\t\t\t\t\t\tArt der Dienstleistung\t\t\t\t\t\t\t<\/label>\n\t\t\t\t\t\t\t\t<div class=\"elementor-field elementor-select-wrapper remove-before \">\n\t\t\t<div class=\"select-caret-down-wrapper\">\n\t\t\t\t<svg aria-hidden=\"true\" class=\"e-font-icon-svg e-eicon-caret-down\" viewBox=\"0 0 571.4 571.4\" xmlns=\"http:\/\/www.w3.org\/2000\/svg\"><path d=\"M571 393Q571 407 561 418L311 668Q300 679 286 679T261 668L11 418Q0 407 0 393T11 368 36 357H536Q550 357 561 368T571 393Z\"><\/path><\/svg>\t\t\t<\/div>\n\t\t\t<select name=\"form_fields[mein]\" id=\"form-field-mein\" class=\"elementor-field-textual elementor-size-sm\">\n\t\t\t\t\t\t\t\t\t<option value=\"Geb\u00e4udereinigung\">Geb\u00e4udereinigung<\/option>\n\t\t\t\t\t\t\t\t\t<option value=\"Fensterreinigung\">Fensterreinigung<\/option>\n\t\t\t\t\t\t\t\t\t<option value=\"B\u00fcroreinigung\">B\u00fcroreinigung<\/option>\n\t\t\t\t\t\t\t\t\t<option value=\"Grundreinigung\">Grundreinigung<\/option>\n\t\t\t\t\t\t\t\t\t<option value=\"Winterdienst\">Winterdienst<\/option>\n\t\t\t\t\t\t\t\t\t<option value=\"Sonderreinigung\">Sonderreinigung<\/option>\n\t\t\t\t\t\t\t\t\t<option value=\"Treppenhausreinigung\">Treppenhausreinigung<\/option>\n\t\t\t\t\t\t\t<\/select>\n\t\t<\/div>\n\t\t\t\t\t\t<\/div>\n\t\t\t\t\t\t\t\t<div class=\"elementor-field-type-textarea elementor-field-group elementor-column elementor-field-group-message elementor-col-100\">\n\t\t\t\t\t\t\t\t\t\t\t\t<label for=\"form-field-message\" class=\"elementor-field-label\">\n\t\t\t\t\t\t\t\tNachricht\t\t\t\t\t\t\t<\/label>\n\t\t\t\t\t\t<textarea class=\"elementor-field-textual elementor-field  elementor-size-sm\" name=\"form_fields[message]\" id=\"form-field-message\" rows=\"4\"><\/textarea>\t\t\t\t<\/div>\n\t\t\t\t\t\t\t\t<div class=\"elementor-field-type-acceptance elementor-field-group elementor-column elementor-field-group-field_2d6cfac elementor-col-100 elementor-field-required\">\n\t\t\t\t\t\t\t<div class=\"elementor-field-subgroup\">\n\t\t\t<span class=\"elementor-field-option\">\n\t\t\t\t<input type=\"checkbox\" name=\"form_fields[field_2d6cfac]\" id=\"form-field-field_2d6cfac\" class=\"elementor-field elementor-size-sm  elementor-acceptance-field\" required=\"required\">\n\t\t\t\t<label for=\"form-field-field_2d6cfac\">Ich stimme zu, dass meine Angaben und Daten zur Beantwortung meiner Anfrage gem\u00e4\u00df der  <a href=\"https:\/\/depa-dienstleistung.de\/?page_id=3265&preview_id=3265&preview_nonce=9dc7b89db9&preview=true\"_blank\">Datenschutzrichtlinien<\/a> verarbeitet werden. Meine Einwilligung kann ich jederzeit zuk\u00fcnftig per E-Mail an info@depa-dienstleistung.de widerrufen. <\/label>\t\t\t<\/span>\n\t\t<\/div>\n\t\t\t\t\t\t<\/div>\n\t\t\t\t\t\t\t\t<div class=\"elementor-field-group elementor-column elementor-field-type-submit elementor-col-100 e-form__buttons\">\n\t\t\t\t\t<button class=\"elementor-button elementor-size-sm\" type=\"submit\">\n\t\t\t\t\t\t<span class=\"elementor-button-content-wrapper\">\n\t\t\t\t\t\t\t\t\t\t\t\t\t\t\t\t\t\t\t\t\t\t<span class=\"elementor-button-text\">Senden<\/span>\n\t\t\t\t\t\t\t\t\t\t\t\t\t<\/span>\n\t\t\t\t\t<\/button>\n\t\t\t\t<\/div>\n\t\t\t<\/div>\n\t\t<\/form>\n\t\t\t\t\t\t<\/div>\n\t\t\t\t\t<\/div>\n\t\t<\/div>\n\t\t\t\t\t<\/div>\n\t\t<\/section>\n\t\t<div class=\"elementor-element elementor-element-5b7e120 e-flex e-con-boxed e-con e-parent\" data-id=\"5b7e120\" data-element_type=\"container\" data-e-type=\"container\">\n\t\t\t\t\t<div class=\"e-con-inner\">\n\t\t\t\t<div class=\"elementor-element elementor-element-c8dd083 elementor-grid-3 elementor-grid-tablet-2 elementor-grid-mobile-1 elementor-widget elementor-widget-loop-grid\" data-id=\"c8dd083\" data-element_type=\"widget\" data-e-type=\"widget\" data-settings=\"{&quot;template_id&quot;:1438,&quot;_skin&quot;:&quot;post&quot;,&quot;columns&quot;:&quot;3&quot;,&quot;columns_tablet&quot;:&quot;2&quot;,&quot;columns_mobile&quot;:&quot;1&quot;,&quot;edit_handle_selector&quot;:&quot;[data-elementor-type=\\&quot;loop-item\\&quot;]&quot;,&quot;row_gap&quot;:{&quot;unit&quot;:&quot;px&quot;,&quot;size&quot;:&quot;&quot;,&quot;sizes&quot;:[]},&quot;row_gap_laptop&quot;:{&quot;unit&quot;:&quot;px&quot;,&quot;size&quot;:&quot;&quot;,&quot;sizes&quot;:[]},&quot;row_gap_tablet&quot;:{&quot;unit&quot;:&quot;px&quot;,&quot;size&quot;:&quot;&quot;,&quot;sizes&quot;:[]},&quot;row_gap_mobile&quot;:{&quot;unit&quot;:&quot;px&quot;,&quot;size&quot;:&quot;&quot;,&quot;sizes&quot;:[]}}\" data-widget_type=\"loop-grid.post\">\n\t\t\t\t<div class=\"elementor-widget-container\">\n\t\t\t\t\t\t\t<div class=\"elementor-loop-container elementor-grid\" role=\"list\">\n\t\t\t\t<\/div>\n\t\t\n\t\t\t\t\t\t<\/div>\n\t\t\t\t<\/div>\n\t\t\t\t\t<\/div>\n\t\t\t\t<\/div>\n\t\t\t\t<\/div>\n\t\t","protected":false},"excerpt":{"rendered":"<p>Sie suchen eine zuverl\u00e4ssige Reinigungsfirma in Kiel und Umgebung? Z\u00f6gern Sie nicht uns zu kontaktieren! Wir unterbreiten Ihnen in der Regel innerhalb von 24 Stunden ein Angebot f\u00fcr die von Ihnen gew\u00fcnschte Dienstleistung. 0176 30121151 Wilhelmshavener Str. 17 \u2022 24105 Kiel<\/p>\n","protected":false},"author":1,"featured_media":0,"parent":0,"menu_order":0,"comment_status":"closed","ping_status":"closed","template":"elementor_header_footer","meta":{"footnotes":""},"class_list":["post-1015","page","type-page","status-publish","hentry"],"yoast_head":"<!-- This site is optimized with the Yoast SEO plugin v27.4 - https:\/\/yoast.com\/product\/yoast-seo-wordpress\/ -->\n<title>Kontakt - depa-dienstleistung<\/title>\n<meta name=\"robots\" content=\"index, follow, max-snippet:-1, max-image-preview:large, max-video-preview:-1\" \/>\n<link rel=\"canonical\" href=\"https:\/\/depa-dienstleistung.de\/?page_id=1015\" \/>\n<meta property=\"og:locale\" content=\"de_DE\" \/>\n<meta property=\"og:type\" content=\"article\" \/>\n<meta property=\"og:title\" content=\"Kontakt - depa-dienstleistung\" \/>\n<meta property=\"og:description\" content=\"Sie suchen eine zuverl\u00e4ssige Reinigungsfirma in Kiel und Umgebung? Z\u00f6gern Sie nicht uns zu kontaktieren! Wir unterbreiten Ihnen in der Regel innerhalb von 24 Stunden ein Angebot f\u00fcr die von Ihnen gew\u00fcnschte Dienstleistung. 0176 30121151 Wilhelmshavener Str. 17 \u2022 24105 Kiel\" \/>\n<meta property=\"og:url\" content=\"https:\/\/depa-dienstleistung.de\/?page_id=1015\" \/>\n<meta property=\"og:site_name\" content=\"depa-dienstleistung\" \/>\n<meta property=\"article:modified_time\" content=\"2026-03-29T21:25:39+00:00\" \/>\n<meta name=\"twitter:card\" content=\"summary_large_image\" \/>\n<script type=\"application\/ld+json\" class=\"yoast-schema-graph\">{\"@context\":\"https:\\\/\\\/schema.org\",\"@graph\":[{\"@type\":\"WebPage\",\"@id\":\"https:\\\/\\\/depa-dienstleistung.de\\\/?page_id=1015\",\"url\":\"https:\\\/\\\/depa-dienstleistung.de\\\/?page_id=1015\",\"name\":\"Kontakt - depa-dienstleistung\",\"isPartOf\":{\"@id\":\"https:\\\/\\\/depa-dienstleistung.de\\\/#website\"},\"datePublished\":\"2023-05-19T06:31:38+00:00\",\"dateModified\":\"2026-03-29T21:25:39+00:00\",\"breadcrumb\":{\"@id\":\"https:\\\/\\\/depa-dienstleistung.de\\\/?page_id=1015#breadcrumb\"},\"inLanguage\":\"de\",\"potentialAction\":[{\"@type\":\"ReadAction\",\"target\":[\"https:\\\/\\\/depa-dienstleistung.de\\\/?page_id=1015\"]}]},{\"@type\":\"BreadcrumbList\",\"@id\":\"https:\\\/\\\/depa-dienstleistung.de\\\/?page_id=1015#breadcrumb\",\"itemListElement\":[{\"@type\":\"ListItem\",\"position\":1,\"name\":\"Start\",\"item\":\"https:\\\/\\\/depa-dienstleistung.de\\\/\"},{\"@type\":\"ListItem\",\"position\":2,\"name\":\"Kontakt\"}]},{\"@type\":\"WebSite\",\"@id\":\"https:\\\/\\\/depa-dienstleistung.de\\\/#website\",\"url\":\"https:\\\/\\\/depa-dienstleistung.de\\\/\",\"name\":\"depa-dienstleistung\",\"description\":\"\",\"publisher\":{\"@id\":\"https:\\\/\\\/depa-dienstleistung.de\\\/#organization\"},\"potentialAction\":[{\"@type\":\"SearchAction\",\"target\":{\"@type\":\"EntryPoint\",\"urlTemplate\":\"https:\\\/\\\/depa-dienstleistung.de\\\/?s={search_term_string}\"},\"query-input\":{\"@type\":\"PropertyValueSpecification\",\"valueRequired\":true,\"valueName\":\"search_term_string\"}}],\"inLanguage\":\"de\"},{\"@type\":\"Organization\",\"@id\":\"https:\\\/\\\/depa-dienstleistung.de\\\/#organization\",\"name\":\"depa-dienstleistung\",\"url\":\"https:\\\/\\\/depa-dienstleistung.de\\\/\",\"logo\":{\"@type\":\"ImageObject\",\"inLanguage\":\"de\",\"@id\":\"https:\\\/\\\/depa-dienstleistung.de\\\/#\\\/schema\\\/logo\\\/image\\\/\",\"url\":\"https:\\\/\\\/depa-dienstleistung.de\\\/wp-content\\\/uploads\\\/2026\\\/03\\\/Logo-DePa-Internet-neu.jpg\",\"contentUrl\":\"https:\\\/\\\/depa-dienstleistung.de\\\/wp-content\\\/uploads\\\/2026\\\/03\\\/Logo-DePa-Internet-neu.jpg\",\"width\":352,\"height\":400,\"caption\":\"depa-dienstleistung\"},\"image\":{\"@id\":\"https:\\\/\\\/depa-dienstleistung.de\\\/#\\\/schema\\\/logo\\\/image\\\/\"},\"sameAs\":[\"https:\\\/\\\/www.instagram.com\\\/depa_dienstleistung\\\/\"]}]}<\/script>\n<!-- \/ Yoast SEO plugin. -->","yoast_head_json":{"title":"Kontakt - depa-dienstleistung","robots":{"index":"index","follow":"follow","max-snippet":"max-snippet:-1","max-image-preview":"max-image-preview:large","max-video-preview":"max-video-preview:-1"},"canonical":"https:\/\/depa-dienstleistung.de\/?page_id=1015","og_locale":"de_DE","og_type":"article","og_title":"Kontakt - depa-dienstleistung","og_description":"Sie suchen eine zuverl\u00e4ssige Reinigungsfirma in Kiel und Umgebung? Z\u00f6gern Sie nicht uns zu kontaktieren! Wir unterbreiten Ihnen in der Regel innerhalb von 24 Stunden ein Angebot f\u00fcr die von Ihnen gew\u00fcnschte Dienstleistung. 0176 30121151 Wilhelmshavener Str. 17 \u2022 24105 Kiel","og_url":"https:\/\/depa-dienstleistung.de\/?page_id=1015","og_site_name":"depa-dienstleistung","article_modified_time":"2026-03-29T21:25:39+00:00","twitter_card":"summary_large_image","schema":{"@context":"https:\/\/schema.org","@graph":[{"@type":"WebPage","@id":"https:\/\/depa-dienstleistung.de\/?page_id=1015","url":"https:\/\/depa-dienstleistung.de\/?page_id=1015","name":"Kontakt - depa-dienstleistung","isPartOf":{"@id":"https:\/\/depa-dienstleistung.de\/#website"},"datePublished":"2023-05-19T06:31:38+00:00","dateModified":"2026-03-29T21:25:39+00:00","breadcrumb":{"@id":"https:\/\/depa-dienstleistung.de\/?page_id=1015#breadcrumb"},"inLanguage":"de","potentialAction":[{"@type":"ReadAction","target":["https:\/\/depa-dienstleistung.de\/?page_id=1015"]}]},{"@type":"BreadcrumbList","@id":"https:\/\/depa-dienstleistung.de\/?page_id=1015#breadcrumb","itemListElement":[{"@type":"ListItem","position":1,"name":"Start","item":"https:\/\/depa-dienstleistung.de\/"},{"@type":"ListItem","position":2,"name":"Kontakt"}]},{"@type":"WebSite","@id":"https:\/\/depa-dienstleistung.de\/#website","url":"https:\/\/depa-dienstleistung.de\/","name":"depa-dienstleistung","description":"","publisher":{"@id":"https:\/\/depa-dienstleistung.de\/#organization"},"potentialAction":[{"@type":"SearchAction","target":{"@type":"EntryPoint","urlTemplate":"https:\/\/depa-dienstleistung.de\/?s={search_term_string}"},"query-input":{"@type":"PropertyValueSpecification","valueRequired":true,"valueName":"search_term_string"}}],"inLanguage":"de"},{"@type":"Organization","@id":"https:\/\/depa-dienstleistung.de\/#organization","name":"depa-dienstleistung","url":"https:\/\/depa-dienstleistung.de\/","logo":{"@type":"ImageObject","inLanguage":"de","@id":"https:\/\/depa-dienstleistung.de\/#\/schema\/logo\/image\/","url":"https:\/\/depa-dienstleistung.de\/wp-content\/uploads\/2026\/03\/Logo-DePa-Internet-neu.jpg","contentUrl":"https:\/\/depa-dienstleistung.de\/wp-content\/uploads\/2026\/03\/Logo-DePa-Internet-neu.jpg","width":352,"height":400,"caption":"depa-dienstleistung"},"image":{"@id":"https:\/\/depa-dienstleistung.de\/#\/schema\/logo\/image\/"},"sameAs":["https:\/\/www.instagram.com\/depa_dienstleistung\/"]}]}},"_links":{"self":[{"href":"https:\/\/depa-dienstleistung.de\/index.php?rest_route=\/wp\/v2\/pages\/1015","targetHints":{"allow":["GET"]}}],"collection":[{"href":"https:\/\/depa-dienstleistung.de\/index.php?rest_route=\/wp\/v2\/pages"}],"about":[{"href":"https:\/\/depa-dienstleistung.de\/index.php?rest_route=\/wp\/v2\/types\/page"}],"author":[{"embeddable":true,"href":"https:\/\/depa-dienstleistung.de\/index.php?rest_route=\/wp\/v2\/users\/1"}],"replies":[{"embeddable":true,"href":"https:\/\/depa-dienstleistung.de\/index.php?rest_route=%2Fwp%2Fv2%2Fcomments&post=1015"}],"version-history":[{"count":67,"href":"https:\/\/depa-dienstleistung.de\/index.php?rest_route=\/wp\/v2\/pages\/1015\/revisions"}],"predecessor-version":[{"id":3700,"href":"https:\/\/depa-dienstleistung.de\/index.php?rest_route=\/wp\/v2\/pages\/1015\/revisions\/3700"}],"wp:attachment":[{"href":"https:\/\/depa-dienstleistung.de\/index.php?rest_route=%2Fwp%2Fv2%2Fmedia&parent=1015"}],"curies":[{"name":"wp","href":"https:\/\/api.w.org\/{rel}","templated":true}]}}