{"id":872,"date":"2023-05-19T06:30:42","date_gmt":"2023-05-19T06:30:42","guid":{"rendered":"https:\/\/demosites.royal-elementor-addons.com\/home-care-v1\/?page_id=7"},"modified":"2026-03-24T21:52:55","modified_gmt":"2026-03-24T21:52:55","slug":"ueber-uns","status":"publish","type":"page","link":"https:\/\/depa-dienstleistung.de\/?page_id=872","title":{"rendered":"\u00dcber uns"},"content":{"rendered":"\t\t<div data-elementor-type=\"wp-page\" data-elementor-id=\"872\" class=\"elementor elementor-872\" data-elementor-post-type=\"page\">\n\t\t\t\t\t\t<section class=\"elementor-section elementor-top-section elementor-element elementor-element-b64a53b elementor-section-height-min-height elementor-section-boxed elementor-section-height-default elementor-section-items-middle\" data-id=\"b64a53b\" data-element_type=\"section\" data-e-type=\"section\" data-settings=\"{&quot;background_background&quot;:&quot;classic&quot;,&quot;shape_divider_bottom&quot;:&quot;tilt&quot;}\">\n\t\t\t\t\t\t\t<div class=\"elementor-background-overlay\"><\/div>\n\t\t\t\t\t\t<div class=\"elementor-shape elementor-shape-bottom\" aria-hidden=\"true\" data-negative=\"false\">\n\t\t\t<svg xmlns=\"http:\/\/www.w3.org\/2000\/svg\" viewBox=\"0 0 1000 100\" preserveAspectRatio=\"none\">\n\t<path class=\"elementor-shape-fill\" d=\"M0,6V0h1000v100L0,6z\"\/>\n<\/svg>\t\t<\/div>\n\t\t\t\t\t<div class=\"elementor-container elementor-column-gap-default\">\n\t\t\t\t\t<div class=\"elementor-column elementor-col-100 elementor-top-column elementor-element elementor-element-1d1df3e\" data-id=\"1d1df3e\" data-element_type=\"column\" data-e-type=\"column\">\n\t\t\t<div class=\"elementor-widget-wrap elementor-element-populated\">\n\t\t\t\t\t\t<div class=\"elementor-element elementor-element-c47346f elementor-headline--style-highlight elementor-widget elementor-widget-animated-headline\" data-id=\"c47346f\" data-element_type=\"widget\" data-e-type=\"widget\" data-settings=\"{&quot;highlighted_text&quot;:&quot;\\u00dcber uns&quot;,&quot;highlight_iteration_delay&quot;:4000,&quot;headline_style&quot;:&quot;highlight&quot;,&quot;marker&quot;:&quot;circle&quot;,&quot;loop&quot;:&quot;yes&quot;,&quot;highlight_animation_duration&quot;:1200}\" data-widget_type=\"animated-headline.default\">\n\t\t\t\t\t\t\t<h3 class=\"elementor-headline\">\n\t\t\t\t<span class=\"elementor-headline-dynamic-wrapper elementor-headline-text-wrapper\">\n\t\t\t\t\t<span class=\"elementor-headline-dynamic-text elementor-headline-text-active\">\u00dcber uns<\/span>\n\t\t\t\t<\/span>\n\t\t\t\t<\/h3>\n\t\t\t\t\t\t<\/div>\n\t\t\t\t\t<\/div>\n\t\t<\/div>\n\t\t\t\t\t<\/div>\n\t\t<\/section>\n\t\t<div class=\"elementor-element elementor-element-ef75025 e-flex e-con-boxed e-con e-parent\" data-id=\"ef75025\" data-element_type=\"container\" data-e-type=\"container\">\n\t\t\t\t\t<div class=\"e-con-inner\">\n\t\t<div class=\"elementor-element elementor-element-d002f28 e-grid e-con-full e-con e-child\" data-id=\"d002f28\" data-element_type=\"container\" data-e-type=\"container\">\n\t\t<div class=\"elementor-element elementor-element-806bef4 e-con-full e-flex e-con e-child\" data-id=\"806bef4\" data-element_type=\"container\" data-e-type=\"container\">\n\t\t\t\t<div class=\"elementor-element elementor-element-4e1dd1e elementor-widget elementor-widget-text-editor\" data-id=\"4e1dd1e\" data-element_type=\"widget\" data-e-type=\"widget\" data-widget_type=\"text-editor.default\">\n\t\t\t\t\t\t\t\t\t<p><span style=\"color: #106b97;\">DePa Dienstleistung:<\/span><br \/>Ein moderner Dienstleister mit traditionellen Werten<\/p>\t\t\t\t\t\t\t\t<\/div>\n\t\t\t\t<div class=\"elementor-element elementor-element-dae514e elementor-widget elementor-widget-text-editor\" data-id=\"dae514e\" data-element_type=\"widget\" data-e-type=\"widget\" data-widget_type=\"text-editor.default\">\n\t\t\t\t\t\t\t\t\t<div id=\"1208805869\" class=\"u_1208805869 dmNewParagraph\" data-element-type=\"paragraph\" data-version=\"5\"><p class=\"m-size-16 size-16\"><span class=\"font-size-16 m-font-size-16\">Unser Kieler Unternehmen versteht sich als moderner Dienstleister mit traditionellen Werten. Unseren Kunden, Gesch\u00e4ftspartnern und Mitarbeitern begegnen wir auf Augenh\u00f6he. Ein gutes und sicheres Arbeitsklima sowie Verl\u00e4sslichkeit in allen Bereichen sind uns extrem wichtig. Wir \u00fcberzeugen durch ausgezeichnete Leistungen, Vertrauensw\u00fcrdigkeit und faires Verhalten.<\/span><\/p><p class=\"m-size-16 size-16\"><span class=\"font-size-16 m-font-size-16\">Als Reinigungsfachkr\u00e4fte f\u00fchren wir jede der von uns angebotenen Reinigungs- und Reparaturdienstleistungen so aus, wie wir sie selbst gerne erledigt haben m\u00f6chten. Unser Dienstleistungsbetrieb folgt strengen Qualit\u00e4ts- und Hygienestandards und achtet in der Auswahl der Reinigungsger\u00e4te- und mittel auf den Schutz von Umwelt und Klima. Unsere hervorragend ausgebildeten Mitarbeiter scheuen keine Qualit\u00e4tskontrolle und nehmen Herausforderungen gerne an.<\/span><\/p><\/div>\t\t\t\t\t\t\t\t<\/div>\n\t\t\t\t<\/div>\n\t\t\t\t<div class=\"elementor-element elementor-element-11587b8 elementor-widget elementor-widget-image\" data-id=\"11587b8\" data-element_type=\"widget\" data-e-type=\"widget\" data-widget_type=\"image.default\">\n\t\t\t\t\t\t\t\t\t\t\t\t\t\t\t<img fetchpriority=\"high\" decoding=\"async\" width=\"800\" height=\"417\" src=\"https:\/\/depa-dienstleistung.de\/wp-content\/uploads\/2026\/03\/DUP.jpg\" class=\"attachment-large size-large wp-image-3296\" alt=\"\" srcset=\"https:\/\/depa-dienstleistung.de\/wp-content\/uploads\/2026\/03\/DUP.jpg 979w, https:\/\/depa-dienstleistung.de\/wp-content\/uploads\/2026\/03\/DUP-300x156.jpg 300w, https:\/\/depa-dienstleistung.de\/wp-content\/uploads\/2026\/03\/DUP-768x400.jpg 768w\" sizes=\"(max-width: 800px) 100vw, 800px\" \/>\t\t\t\t\t\t\t\t\t\t\t\t\t\t\t<\/div>\n\t\t\t\t<\/div>\n\t\t\t\t\t<\/div>\n\t\t\t\t<\/div>\n\t\t<div class=\"elementor-element elementor-element-e2bb6e6 e-flex e-con-boxed e-con e-parent\" data-id=\"e2bb6e6\" data-element_type=\"container\" data-e-type=\"container\">\n\t\t\t\t\t<div class=\"e-con-inner\">\n\t\t\t\t<div class=\"elementor-element elementor-element-166293f elementor-widget elementor-widget-heading\" data-id=\"166293f\" data-element_type=\"widget\" data-e-type=\"widget\" data-widget_type=\"heading.default\">\n\t\t\t\t\t<h2 class=\"elementor-heading-title elementor-size-default\">Sprechen Sie uns an!<\/h2>\t\t\t\t<\/div>\n\t\t\t\t<div class=\"elementor-element elementor-element-bc017fa elementor-widget elementor-widget-text-editor\" data-id=\"bc017fa\" data-element_type=\"widget\" data-e-type=\"widget\" data-widget_type=\"text-editor.default\">\n\t\t\t\t\t\t\t\t\t<div id=\"1584891073\" class=\"dmNewParagraph u_1584891073\" data-element-type=\"paragraph\" data-version=\"5\"><p class=\"text-align-center m-size-18 size-18\"><span class=\"font-size-18 m-font-size-18\">Es ist unser best\u00e4ndiges Anliegen, dass unsere Kunden uns ihr Vertrauen schenken, mit unseren Leistungen zufrieden sind und uns gerne weiterempfehlen. Entscheiden sich neue Kunden daf\u00fcr, langfristig mit uns zusammenzuarbeiten, ist es eine Wertsch\u00e4tzung unserer Leistung, die uns besonders stolz macht.<\/span><\/p><\/div>\t\t\t\t\t\t\t\t<\/div>\n\t\t\t\t\t<\/div>\n\t\t\t\t<\/div>\n\t\t<div class=\"elementor-element elementor-element-7b468a0 e-transform e-flex e-con-boxed elementor-invisible e-con e-parent\" data-id=\"7b468a0\" data-element_type=\"container\" data-e-type=\"container\" data-settings=\"{&quot;animation&quot;:&quot;zoomIn&quot;,&quot;_transform_translateX_effect&quot;:{&quot;unit&quot;:&quot;px&quot;,&quot;size&quot;:&quot;&quot;,&quot;sizes&quot;:[]},&quot;_transform_translateX_effect_laptop&quot;:{&quot;unit&quot;:&quot;px&quot;,&quot;size&quot;:&quot;&quot;,&quot;sizes&quot;:[]},&quot;_transform_translateX_effect_tablet&quot;:{&quot;unit&quot;:&quot;px&quot;,&quot;size&quot;:&quot;&quot;,&quot;sizes&quot;:[]},&quot;_transform_translateX_effect_mobile&quot;:{&quot;unit&quot;:&quot;px&quot;,&quot;size&quot;:&quot;&quot;,&quot;sizes&quot;:[]},&quot;_transform_translateY_effect&quot;:{&quot;unit&quot;:&quot;px&quot;,&quot;size&quot;:&quot;&quot;,&quot;sizes&quot;:[]},&quot;_transform_translateY_effect_laptop&quot;:{&quot;unit&quot;:&quot;px&quot;,&quot;size&quot;:&quot;&quot;,&quot;sizes&quot;:[]},&quot;_transform_translateY_effect_tablet&quot;:{&quot;unit&quot;:&quot;px&quot;,&quot;size&quot;:&quot;&quot;,&quot;sizes&quot;:[]},&quot;_transform_translateY_effect_mobile&quot;:{&quot;unit&quot;:&quot;px&quot;,&quot;size&quot;:&quot;&quot;,&quot;sizes&quot;:[]}}\">\n\t\t\t\t\t<div class=\"e-con-inner\">\n\t\t\t\t<div class=\"elementor-element elementor-element-486d946 elementor-widget elementor-widget-button\" data-id=\"486d946\" data-element_type=\"widget\" data-e-type=\"widget\" data-widget_type=\"button.default\">\n\t\t\t\t\t\t\t\t\t\t<a class=\"elementor-button elementor-button-link elementor-size-sm\" href=\"tel:+4917630121151\">\n\t\t\t\t\t\t<span class=\"elementor-button-content-wrapper\">\n\t\t\t\t\t\t<span class=\"elementor-button-icon\">\n\t\t\t\t<svg aria-hidden=\"true\" class=\"e-font-icon-svg e-fas-phone-alt\" viewBox=\"0 0 512 512\" xmlns=\"http:\/\/www.w3.org\/2000\/svg\"><path d=\"M497.39 361.8l-112-48a24 24 0 0 0-28 6.9l-49.6 60.6A370.66 370.66 0 0 1 130.6 204.11l60.6-49.6a23.94 23.94 0 0 0 6.9-28l-48-112A24.16 24.16 0 0 0 122.6.61l-104 24A24 24 0 0 0 0 48c0 256.5 207.9 464 464 464a24 24 0 0 0 23.4-18.6l24-104a24.29 24.29 0 0 0-14.01-27.6z\"><\/path><\/svg>\t\t\t<\/span>\n\t\t\t\t\t\t\t\t\t<span class=\"elementor-button-text\">0176 30121151<\/span>\n\t\t\t\t\t<\/span>\n\t\t\t\t\t<\/a>\n\t\t\t\t\t\t\t\t<\/div>\n\t\t\t\t\t<\/div>\n\t\t\t\t<\/div>\n\t\t\t\t<\/div>\n\t\t","protected":false},"excerpt":{"rendered":"<p>\u00dcber uns DePa Dienstleistung:Ein moderner Dienstleister mit traditionellen Werten Unser Kieler Unternehmen versteht sich als moderner Dienstleister mit traditionellen Werten. Unseren Kunden, Gesch\u00e4ftspartnern und Mitarbeitern begegnen wir auf Augenh\u00f6he. Ein gutes und sicheres Arbeitsklima sowie Verl\u00e4sslichkeit in allen Bereichen sind uns extrem wichtig. Wir \u00fcberzeugen durch ausgezeichnete Leistungen, Vertrauensw\u00fcrdigkeit und faires Verhalten. Als Reinigungsfachkr\u00e4fte f\u00fchren [&hellip;]<\/p>\n","protected":false},"author":1,"featured_media":0,"parent":0,"menu_order":0,"comment_status":"closed","ping_status":"closed","template":"elementor_header_footer","meta":{"footnotes":""},"class_list":["post-872","page","type-page","status-publish","hentry"],"yoast_head":"<!-- This site is optimized with the Yoast SEO plugin v27.3 - https:\/\/yoast.com\/product\/yoast-seo-wordpress\/ -->\n<title>\u00dcber uns - depa-dienstleistung<\/title>\n<meta name=\"robots\" content=\"index, follow, max-snippet:-1, max-image-preview:large, max-video-preview:-1\" \/>\n<link rel=\"canonical\" href=\"https:\/\/depa-dienstleistung.de\/?page_id=872\" \/>\n<meta property=\"og:locale\" content=\"de_DE\" \/>\n<meta property=\"og:type\" content=\"article\" \/>\n<meta property=\"og:title\" content=\"\u00dcber uns - depa-dienstleistung\" \/>\n<meta property=\"og:description\" content=\"\u00dcber uns DePa Dienstleistung:Ein moderner Dienstleister mit traditionellen Werten Unser Kieler Unternehmen versteht sich als moderner Dienstleister mit traditionellen Werten. Unseren Kunden, Gesch\u00e4ftspartnern und Mitarbeitern begegnen wir auf Augenh\u00f6he. Ein gutes und sicheres Arbeitsklima sowie Verl\u00e4sslichkeit in allen Bereichen sind uns extrem wichtig. Wir \u00fcberzeugen durch ausgezeichnete Leistungen, Vertrauensw\u00fcrdigkeit und faires Verhalten. Als Reinigungsfachkr\u00e4fte f\u00fchren [&hellip;]\" \/>\n<meta property=\"og:url\" content=\"https:\/\/depa-dienstleistung.de\/?page_id=872\" \/>\n<meta property=\"og:site_name\" content=\"depa-dienstleistung\" \/>\n<meta property=\"article:modified_time\" content=\"2026-03-24T21:52:55+00:00\" \/>\n<meta property=\"og:image\" content=\"https:\/\/depa-dienstleistung.de\/wp-content\/uploads\/2026\/03\/DUP.jpg\" \/>\n\t<meta property=\"og:image:width\" content=\"979\" \/>\n\t<meta property=\"og:image:height\" content=\"510\" \/>\n\t<meta property=\"og:image:type\" content=\"image\/jpeg\" \/>\n<meta name=\"twitter:card\" content=\"summary_large_image\" \/>\n<meta name=\"twitter:label1\" content=\"Gesch\u00e4tzte Lesezeit\" \/>\n\t<meta name=\"twitter:data1\" content=\"1\u00a0Minute\" \/>\n<script type=\"application\/ld+json\" class=\"yoast-schema-graph\">{\"@context\":\"https:\\\/\\\/schema.org\",\"@graph\":[{\"@type\":\"WebPage\",\"@id\":\"https:\\\/\\\/depa-dienstleistung.de\\\/?page_id=872\",\"url\":\"https:\\\/\\\/depa-dienstleistung.de\\\/?page_id=872\",\"name\":\"\u00dcber uns - depa-dienstleistung\",\"isPartOf\":{\"@id\":\"https:\\\/\\\/depa-dienstleistung.de\\\/#website\"},\"primaryImageOfPage\":{\"@id\":\"https:\\\/\\\/depa-dienstleistung.de\\\/?page_id=872#primaryimage\"},\"image\":{\"@id\":\"https:\\\/\\\/depa-dienstleistung.de\\\/?page_id=872#primaryimage\"},\"thumbnailUrl\":\"https:\\\/\\\/depa-dienstleistung.de\\\/wp-content\\\/uploads\\\/2026\\\/03\\\/DUP.jpg\",\"datePublished\":\"2023-05-19T06:30:42+00:00\",\"dateModified\":\"2026-03-24T21:52:55+00:00\",\"breadcrumb\":{\"@id\":\"https:\\\/\\\/depa-dienstleistung.de\\\/?page_id=872#breadcrumb\"},\"inLanguage\":\"de\",\"potentialAction\":[{\"@type\":\"ReadAction\",\"target\":[\"https:\\\/\\\/depa-dienstleistung.de\\\/?page_id=872\"]}]},{\"@type\":\"ImageObject\",\"inLanguage\":\"de\",\"@id\":\"https:\\\/\\\/depa-dienstleistung.de\\\/?page_id=872#primaryimage\",\"url\":\"https:\\\/\\\/depa-dienstleistung.de\\\/wp-content\\\/uploads\\\/2026\\\/03\\\/DUP.jpg\",\"contentUrl\":\"https:\\\/\\\/depa-dienstleistung.de\\\/wp-content\\\/uploads\\\/2026\\\/03\\\/DUP.jpg\",\"width\":979,\"height\":510},{\"@type\":\"BreadcrumbList\",\"@id\":\"https:\\\/\\\/depa-dienstleistung.de\\\/?page_id=872#breadcrumb\",\"itemListElement\":[{\"@type\":\"ListItem\",\"position\":1,\"name\":\"Start\",\"item\":\"https:\\\/\\\/depa-dienstleistung.de\\\/\"},{\"@type\":\"ListItem\",\"position\":2,\"name\":\"\u00dcber uns\"}]},{\"@type\":\"WebSite\",\"@id\":\"https:\\\/\\\/depa-dienstleistung.de\\\/#website\",\"url\":\"https:\\\/\\\/depa-dienstleistung.de\\\/\",\"name\":\"depa-dienstleistung\",\"description\":\"\",\"publisher\":{\"@id\":\"https:\\\/\\\/depa-dienstleistung.de\\\/#organization\"},\"potentialAction\":[{\"@type\":\"SearchAction\",\"target\":{\"@type\":\"EntryPoint\",\"urlTemplate\":\"https:\\\/\\\/depa-dienstleistung.de\\\/?s={search_term_string}\"},\"query-input\":{\"@type\":\"PropertyValueSpecification\",\"valueRequired\":true,\"valueName\":\"search_term_string\"}}],\"inLanguage\":\"de\"},{\"@type\":\"Organization\",\"@id\":\"https:\\\/\\\/depa-dienstleistung.de\\\/#organization\",\"name\":\"depa-dienstleistung\",\"url\":\"https:\\\/\\\/depa-dienstleistung.de\\\/\",\"logo\":{\"@type\":\"ImageObject\",\"inLanguage\":\"de\",\"@id\":\"https:\\\/\\\/depa-dienstleistung.de\\\/#\\\/schema\\\/logo\\\/image\\\/\",\"url\":\"https:\\\/\\\/depa-dienstleistung.de\\\/wp-content\\\/uploads\\\/2026\\\/03\\\/Logo-DePa-Internet-neu.jpg\",\"contentUrl\":\"https:\\\/\\\/depa-dienstleistung.de\\\/wp-content\\\/uploads\\\/2026\\\/03\\\/Logo-DePa-Internet-neu.jpg\",\"width\":352,\"height\":400,\"caption\":\"depa-dienstleistung\"},\"image\":{\"@id\":\"https:\\\/\\\/depa-dienstleistung.de\\\/#\\\/schema\\\/logo\\\/image\\\/\"},\"sameAs\":[\"https:\\\/\\\/www.instagram.com\\\/depa_dienstleistung\\\/\"]}]}<\/script>\n<!-- \/ Yoast SEO plugin. -->","yoast_head_json":{"title":"\u00dcber uns - depa-dienstleistung","robots":{"index":"index","follow":"follow","max-snippet":"max-snippet:-1","max-image-preview":"max-image-preview:large","max-video-preview":"max-video-preview:-1"},"canonical":"https:\/\/depa-dienstleistung.de\/?page_id=872","og_locale":"de_DE","og_type":"article","og_title":"\u00dcber uns - depa-dienstleistung","og_description":"\u00dcber uns DePa Dienstleistung:Ein moderner Dienstleister mit traditionellen Werten Unser Kieler Unternehmen versteht sich als moderner Dienstleister mit traditionellen Werten. Unseren Kunden, Gesch\u00e4ftspartnern und Mitarbeitern begegnen wir auf Augenh\u00f6he. Ein gutes und sicheres Arbeitsklima sowie Verl\u00e4sslichkeit in allen Bereichen sind uns extrem wichtig. Wir \u00fcberzeugen durch ausgezeichnete Leistungen, Vertrauensw\u00fcrdigkeit und faires Verhalten. Als Reinigungsfachkr\u00e4fte f\u00fchren [&hellip;]","og_url":"https:\/\/depa-dienstleistung.de\/?page_id=872","og_site_name":"depa-dienstleistung","article_modified_time":"2026-03-24T21:52:55+00:00","og_image":[{"width":979,"height":510,"url":"https:\/\/depa-dienstleistung.de\/wp-content\/uploads\/2026\/03\/DUP.jpg","type":"image\/jpeg"}],"twitter_card":"summary_large_image","twitter_misc":{"Gesch\u00e4tzte Lesezeit":"1\u00a0Minute"},"schema":{"@context":"https:\/\/schema.org","@graph":[{"@type":"WebPage","@id":"https:\/\/depa-dienstleistung.de\/?page_id=872","url":"https:\/\/depa-dienstleistung.de\/?page_id=872","name":"\u00dcber uns - depa-dienstleistung","isPartOf":{"@id":"https:\/\/depa-dienstleistung.de\/#website"},"primaryImageOfPage":{"@id":"https:\/\/depa-dienstleistung.de\/?page_id=872#primaryimage"},"image":{"@id":"https:\/\/depa-dienstleistung.de\/?page_id=872#primaryimage"},"thumbnailUrl":"https:\/\/depa-dienstleistung.de\/wp-content\/uploads\/2026\/03\/DUP.jpg","datePublished":"2023-05-19T06:30:42+00:00","dateModified":"2026-03-24T21:52:55+00:00","breadcrumb":{"@id":"https:\/\/depa-dienstleistung.de\/?page_id=872#breadcrumb"},"inLanguage":"de","potentialAction":[{"@type":"ReadAction","target":["https:\/\/depa-dienstleistung.de\/?page_id=872"]}]},{"@type":"ImageObject","inLanguage":"de","@id":"https:\/\/depa-dienstleistung.de\/?page_id=872#primaryimage","url":"https:\/\/depa-dienstleistung.de\/wp-content\/uploads\/2026\/03\/DUP.jpg","contentUrl":"https:\/\/depa-dienstleistung.de\/wp-content\/uploads\/2026\/03\/DUP.jpg","width":979,"height":510},{"@type":"BreadcrumbList","@id":"https:\/\/depa-dienstleistung.de\/?page_id=872#breadcrumb","itemListElement":[{"@type":"ListItem","position":1,"name":"Start","item":"https:\/\/depa-dienstleistung.de\/"},{"@type":"ListItem","position":2,"name":"\u00dcber uns"}]},{"@type":"WebSite","@id":"https:\/\/depa-dienstleistung.de\/#website","url":"https:\/\/depa-dienstleistung.de\/","name":"depa-dienstleistung","description":"","publisher":{"@id":"https:\/\/depa-dienstleistung.de\/#organization"},"potentialAction":[{"@type":"SearchAction","target":{"@type":"EntryPoint","urlTemplate":"https:\/\/depa-dienstleistung.de\/?s={search_term_string}"},"query-input":{"@type":"PropertyValueSpecification","valueRequired":true,"valueName":"search_term_string"}}],"inLanguage":"de"},{"@type":"Organization","@id":"https:\/\/depa-dienstleistung.de\/#organization","name":"depa-dienstleistung","url":"https:\/\/depa-dienstleistung.de\/","logo":{"@type":"ImageObject","inLanguage":"de","@id":"https:\/\/depa-dienstleistung.de\/#\/schema\/logo\/image\/","url":"https:\/\/depa-dienstleistung.de\/wp-content\/uploads\/2026\/03\/Logo-DePa-Internet-neu.jpg","contentUrl":"https:\/\/depa-dienstleistung.de\/wp-content\/uploads\/2026\/03\/Logo-DePa-Internet-neu.jpg","width":352,"height":400,"caption":"depa-dienstleistung"},"image":{"@id":"https:\/\/depa-dienstleistung.de\/#\/schema\/logo\/image\/"},"sameAs":["https:\/\/www.instagram.com\/depa_dienstleistung\/"]}]}},"_links":{"self":[{"href":"https:\/\/depa-dienstleistung.de\/index.php?rest_route=\/wp\/v2\/pages\/872","targetHints":{"allow":["GET"]}}],"collection":[{"href":"https:\/\/depa-dienstleistung.de\/index.php?rest_route=\/wp\/v2\/pages"}],"about":[{"href":"https:\/\/depa-dienstleistung.de\/index.php?rest_route=\/wp\/v2\/types\/page"}],"author":[{"embeddable":true,"href":"https:\/\/depa-dienstleistung.de\/index.php?rest_route=\/wp\/v2\/users\/1"}],"replies":[{"embeddable":true,"href":"https:\/\/depa-dienstleistung.de\/index.php?rest_route=%2Fwp%2Fv2%2Fcomments&post=872"}],"version-history":[{"count":76,"href":"https:\/\/depa-dienstleistung.de\/index.php?rest_route=\/wp\/v2\/pages\/872\/revisions"}],"predecessor-version":[{"id":3364,"href":"https:\/\/depa-dienstleistung.de\/index.php?rest_route=\/wp\/v2\/pages\/872\/revisions\/3364"}],"wp:attachment":[{"href":"https:\/\/depa-dienstleistung.de\/index.php?rest_route=%2Fwp%2Fv2%2Fmedia&parent=872"}],"curies":[{"name":"wp","href":"https:\/\/api.w.org\/{rel}","templated":true}]}}